{"id":152,"date":"2024-08-28T17:48:17","date_gmt":"2024-08-28T15:48:17","guid":{"rendered":"https:\/\/villeneuve1874.fr\/?page_id=152"},"modified":"2026-02-12T12:39:37","modified_gmt":"2026-02-12T11:39:37","slug":"intervenant-3","status":"publish","type":"page","link":"https:\/\/villeneuve1874.fr\/index.php\/intervenant-3\/","title":{"rendered":"Thomas Margout &#8211; Pers\u00e9phone"},"content":{"rendered":"<div class=\"wp-block-image\">\n<figure class=\"aligncenter size-full\"><img loading=\"lazy\" decoding=\"async\" width=\"500\" height=\"500\" src=\"https:\/\/villeneuve1874.fr\/wp-content\/uploads\/2026\/02\/Persephone-SF.png\" alt=\"\" class=\"wp-image-561\" srcset=\"https:\/\/villeneuve1874.fr\/wp-content\/uploads\/2026\/02\/Persephone-SF.png 500w, https:\/\/villeneuve1874.fr\/wp-content\/uploads\/2026\/02\/Persephone-SF-300x300.png 300w, https:\/\/villeneuve1874.fr\/wp-content\/uploads\/2026\/02\/Persephone-SF-150x150.png 150w\" sizes=\"auto, (max-width: 500px) 100vw, 500px\" \/><\/figure>\n<\/div>\n\n\n<h2 class=\"wp-block-heading has-text-align-center\">Thomas Margout &#8211; Pers\u00e9phone<\/h2>\n\n\n\n<p>Docteur en <strong>Histoire <\/strong>et dipl\u00f4m\u00e9 en <strong>Ethnologie<\/strong>, Thomas Margout a enseign\u00e9 \u00e0 la facult\u00e9 Victor Segalen de Brest o\u00f9 il donnait des cours d&rsquo;histoire et d&rsquo;ethnologie aux \u00e9tudiants de licence de l&rsquo;Universit\u00e9 de Bretagne Occidentale. <\/p>\n\n\n\n<p>Depuis quelques ann\u00e9es il propose avec sa structure &#8211; <strong>Pers\u00e9phone <\/strong>&#8211;  un cycle de conf\u00e9rence \u00e0 destination du grand public o\u00f9 il vulgarise des grandes th\u00e9matiques propres aux Sciences humaines pour les faire d\u00e9couvrir au plus grand nombre. <br><br>Il intervient depuis peu pour l&rsquo;association <strong>Villeneuve 1874<\/strong> et il proposera des rendez-vous r\u00e9guliers entre \u00e9tude des peuples et histoire du monde. <\/p>\n","protected":false},"excerpt":{"rendered":"<p>Thomas Margout &#8211; Pers\u00e9phone Docteur en Histoire et dipl\u00f4m\u00e9 en Ethnologie, Thomas Margout a enseign\u00e9 \u00e0 la facult\u00e9 Victor Segalen de Brest o\u00f9 il donnait des cours d&rsquo;histoire et d&rsquo;ethnologie aux \u00e9tudiants de licence de l&rsquo;Universit\u00e9 de Bretagne Occidentale. Depuis quelques ann\u00e9es il propose avec sa structure &#8211; Pers\u00e9phone &#8211; un cycle de conf\u00e9rence \u00e0 [&hellip;]<\/p>\n","protected":false},"author":1,"featured_media":0,"parent":0,"menu_order":0,"comment_status":"closed","ping_status":"closed","template":"","meta":{"footnotes":""},"class_list":["post-152","page","type-page","status-publish","hentry"],"_links":{"self":[{"href":"https:\/\/villeneuve1874.fr\/index.php\/wp-json\/wp\/v2\/pages\/152","targetHints":{"allow":["GET"]}}],"collection":[{"href":"https:\/\/villeneuve1874.fr\/index.php\/wp-json\/wp\/v2\/pages"}],"about":[{"href":"https:\/\/villeneuve1874.fr\/index.php\/wp-json\/wp\/v2\/types\/page"}],"author":[{"embeddable":true,"href":"https:\/\/villeneuve1874.fr\/index.php\/wp-json\/wp\/v2\/users\/1"}],"replies":[{"embeddable":true,"href":"https:\/\/villeneuve1874.fr\/index.php\/wp-json\/wp\/v2\/comments?post=152"}],"version-history":[{"count":4,"href":"https:\/\/villeneuve1874.fr\/index.php\/wp-json\/wp\/v2\/pages\/152\/revisions"}],"predecessor-version":[{"id":564,"href":"https:\/\/villeneuve1874.fr\/index.php\/wp-json\/wp\/v2\/pages\/152\/revisions\/564"}],"wp:attachment":[{"href":"https:\/\/villeneuve1874.fr\/index.php\/wp-json\/wp\/v2\/media?parent=152"}],"curies":[{"name":"wp","href":"https:\/\/api.w.org\/{rel}","templated":true}]}}