{"id":89,"date":"2024-08-28T17:10:18","date_gmt":"2024-08-28T15:10:18","guid":{"rendered":"https:\/\/villeneuve1874.fr\/?page_id=89"},"modified":"2026-02-12T12:55:03","modified_gmt":"2026-02-12T11:55:03","slug":"intervenant-1","status":"publish","type":"page","link":"https:\/\/villeneuve1874.fr\/index.php\/intervenant-1\/","title":{"rendered":"L&rsquo;Atelier d&rsquo;\u00ab \u00e9critude \u00bb TerraGalice"},"content":{"rendered":"<div class=\"wp-block-image\">\n<figure class=\"aligncenter size-large is-resized\"><img loading=\"lazy\" decoding=\"async\" width=\"825\" height=\"1024\" src=\"https:\/\/villeneuve1874.fr\/wp-content\/uploads\/2025\/02\/portrait-Sara-Do-825x1024.jpg\" alt=\"\" class=\"wp-image-294\" style=\"width:414px;height:auto\" srcset=\"https:\/\/villeneuve1874.fr\/wp-content\/uploads\/2025\/02\/portrait-Sara-Do-825x1024.jpg 825w, https:\/\/villeneuve1874.fr\/wp-content\/uploads\/2025\/02\/portrait-Sara-Do-242x300.jpg 242w, https:\/\/villeneuve1874.fr\/wp-content\/uploads\/2025\/02\/portrait-Sara-Do-768x953.jpg 768w, https:\/\/villeneuve1874.fr\/wp-content\/uploads\/2025\/02\/portrait-Sara-Do-1237x1536.jpg 1237w, https:\/\/villeneuve1874.fr\/wp-content\/uploads\/2025\/02\/portrait-Sara-Do-1650x2048.jpg 1650w, https:\/\/villeneuve1874.fr\/wp-content\/uploads\/2025\/02\/portrait-Sara-Do.jpg 1890w\" sizes=\"auto, (max-width: 825px) 100vw, 825px\" \/><\/figure>\n<\/div>\n\n\n<p><strong>L&rsquo;atelier d&rsquo;\u00e9critude TerraGalice<\/strong>\u00a0se donne pour but depuis 2004 de d\u00e9velopper des actions socio-culturelles et des pratiques artistiques pluridisciplinaires aupr\u00e8s de tout public. L&rsquo;association vise \u00e0 promouvoir, valoriser l&rsquo;\u00e9criture et la lecture pour tous, \u00e0 lutter contre l&rsquo;illettrisme. Par ces actions, elle cr\u00e9e ce qui fait v\u00e9ritablement sens : le<strong> lien social<\/strong> autour de l\u2019\u00e9criture, de la lecture \u00e0 voix haute et des spectacles interactifs.<\/p>\n\n\n\n<p class=\"has-text-align-center\">\u00a0 <a href=\"http:\/\/www.ecritude.org\" target=\"_blank\" rel=\"noreferrer noopener\">www.ecritude.org<\/a><\/p>\n\n\n\n<p><br>L&rsquo;animation est men\u00e9e par <strong>Sara Do<\/strong> qui s&rsquo;\u00e9toile en multi-talents : po\u00e9tesse, com\u00e9dienne, conteuse et lectrice. Elle est \u00e9galement auteur, compositeur, interpr\u00e8te. <br>Une personne riche de talent qui est souvent accompagn\u00e9e d&rsquo;un accord\u00e9on diatonique, ou d&rsquo;une guitare. <br>Jongleuse de <strong>mots<\/strong>, saltimbanque dans <strong>l&rsquo;\u00e2me<\/strong>&#8230;\u00a0 <\/p>\n\n\n\n<p><\/p>\n\n\n<div class=\"wp-block-image\">\n<figure class=\"aligncenter size-large\"><img loading=\"lazy\" decoding=\"async\" width=\"724\" height=\"1024\" src=\"https:\/\/villeneuve1874.fr\/wp-content\/uploads\/2025\/09\/atelier-ecriture-lecture-724x1024.jpg\" alt=\"\" class=\"wp-image-510\" srcset=\"https:\/\/villeneuve1874.fr\/wp-content\/uploads\/2025\/09\/atelier-ecriture-lecture-724x1024.jpg 724w, https:\/\/villeneuve1874.fr\/wp-content\/uploads\/2025\/09\/atelier-ecriture-lecture-212x300.jpg 212w, https:\/\/villeneuve1874.fr\/wp-content\/uploads\/2025\/09\/atelier-ecriture-lecture-768x1086.jpg 768w, https:\/\/villeneuve1874.fr\/wp-content\/uploads\/2025\/09\/atelier-ecriture-lecture-1086x1536.jpg 1086w, https:\/\/villeneuve1874.fr\/wp-content\/uploads\/2025\/09\/atelier-ecriture-lecture-1448x2048.jpg 1448w, https:\/\/villeneuve1874.fr\/wp-content\/uploads\/2025\/09\/atelier-ecriture-lecture.jpg 1587w\" sizes=\"auto, (max-width: 724px) 100vw, 724px\" \/><\/figure>\n<\/div>\n\n\n<p class=\"has-text-align-center\"><a href=\"http:\/\/www.ecritude.org\/\">www.ecritude.org<\/a><\/p>\n","protected":false},"excerpt":{"rendered":"<p>L&rsquo;atelier d&rsquo;\u00e9critude TerraGalice\u00a0se donne pour but depuis 2004 de d\u00e9velopper des actions socio-culturelles et des pratiques artistiques pluridisciplinaires aupr\u00e8s de tout public. L&rsquo;association vise \u00e0 promouvoir, valoriser l&rsquo;\u00e9criture et la lecture pour tous, \u00e0 lutter contre l&rsquo;illettrisme. Par ces actions, elle cr\u00e9e ce qui fait v\u00e9ritablement sens : le lien social autour de l\u2019\u00e9criture, de [&hellip;]<\/p>\n","protected":false},"author":1,"featured_media":0,"parent":0,"menu_order":0,"comment_status":"closed","ping_status":"closed","template":"","meta":{"footnotes":""},"class_list":["post-89","page","type-page","status-publish","hentry"],"_links":{"self":[{"href":"https:\/\/villeneuve1874.fr\/index.php\/wp-json\/wp\/v2\/pages\/89","targetHints":{"allow":["GET"]}}],"collection":[{"href":"https:\/\/villeneuve1874.fr\/index.php\/wp-json\/wp\/v2\/pages"}],"about":[{"href":"https:\/\/villeneuve1874.fr\/index.php\/wp-json\/wp\/v2\/types\/page"}],"author":[{"embeddable":true,"href":"https:\/\/villeneuve1874.fr\/index.php\/wp-json\/wp\/v2\/users\/1"}],"replies":[{"embeddable":true,"href":"https:\/\/villeneuve1874.fr\/index.php\/wp-json\/wp\/v2\/comments?post=89"}],"version-history":[{"count":12,"href":"https:\/\/villeneuve1874.fr\/index.php\/wp-json\/wp\/v2\/pages\/89\/revisions"}],"predecessor-version":[{"id":590,"href":"https:\/\/villeneuve1874.fr\/index.php\/wp-json\/wp\/v2\/pages\/89\/revisions\/590"}],"wp:attachment":[{"href":"https:\/\/villeneuve1874.fr\/index.php\/wp-json\/wp\/v2\/media?parent=89"}],"curies":[{"name":"wp","href":"https:\/\/api.w.org\/{rel}","templated":true}]}}